 + 5*c**2/2 - 7*c + 36. Let s be b(5). Let d(g) = g**3 + 6*g**2 - 7*g - 2. Determine d(s).
-2
Let j = 0 - -4. Suppose -5*u + 9 = j*y, -u - 3*y - 6 = 1. Suppose u*c + 28 = 12*c. Let v(k) = k**3 - 3*k**2 - 2*k + 1. Calculate v(c).
9
Let f(i) = i**3 - i**2 - 3*i - 4. Suppose 4*k + 20 = 92. Suppose -27 = -5*v + k. Suppose 25*n = 22*n + v. Calculate f(n).
5
Let p = 218 - 135. Let b(f) = 54 - p + 55 - f. Determine b(0).
26
Suppose 0 = 94*a - 7*a + 696. Let n(m) = m**2 - 1. Let h(i) = i**2 - 9*i - 12. Let p(r) = h(r) - 2*n(r). Calculate p(a).
-2
Let q be ((-2)/(-12))/(45/(-270)). Let n(m) = -33*m**3 - 2*m**2 - m. Let a(t) = -67*t**3 - 4*t**2 - 2*t. Let r(d) = -6*a(d) + 11*n(d). Calculate r(q).
-38
Let m(t) = t - 4. Suppose 4*j = -4*r + 28, -13*j + r + 5 = -8*j. Let h be 126/26 - j - (-8)/52. Let n(g) = g**2 - 4*g + 10. Let l be n(h). Calculate m(l).
3
Let r = -127 + 127. Let j(g) = r*g + 13 - 10 + g - 8. Let s = -2 + 10. Calculate j(s).
3
Let b be (-20)/(-6)*12/8. Let i(y) = 15*y - 330. Let x(h) = h - 24. Let r(z) = i(z) - 14*x(z). Determine r(b).
11
Let o(b) = -13*b - 37. Let k be o(-3). Let t(z) be the second derivative of -1/4*z**4 + 0*z**3 + 0 + 20*z - 5/2*z**k - 1/20*z**5. Calculate t(-4).
11
Let d(f) = -f - 6. Let r(b) = 2*b + 11. Let h(v) = 13*d(v) + 6*r(v). Suppose -958*s - 1341 = 4366 + 2915. Determine h(s).
-3
Let c be -3 + 891/24 - ((-255)/136 + 2). Let o(d) = 5*d - 165. What is o(c)?
5
Let v(q) = 206*q**2 - 6*q. Let d be v(2). Let u = d - 812. Let x(p) = 9*p**2 - 2*p - 21. Let y(g) = 4*g**2 - g - 10. Let o(b) = -3*x(b) + 7*y(b). What is o(u)?
-7
Let w(c) = c**3 - 2*c**2 + c - 1. Let y(b) = -3*b**3 + 8*b**2 + 24*b + 50. Let d(t) = 2*w(t) + y(t). What is d(8)?
0
Suppose -5*z = -10*z - h + 31, -2*h = z - 8. Let w(s) = -9 + 2*s**3 + 131*s - 65*s - s**3 - 8*s**2 - 54*s + 0*s**3. Calculate w(z).
-9
Let a(f) be the first derivative of -f**4/12 - f**3/3 - 52*f - 60. Let m(n) be the first derivative of a(n). Calculate m(-4).
-8
Let r(l) = l**3 - 70*l**2 + 155*l**2 - 2*l**3 + 13*l - 35*l + 5 - 67*l**2. Determine r(17).
-80
Let t be (-2 - -9)*(-6)/7. Let c(g) = 10513*g**2 - 5255*g**2 + g + 14 - 5253*g**2. Let h(a) = -11*a**2 - a - 29. Let x(y) = t*h(y) - 13*c(y). What is x(8)?
0
Let s(a) be the first derivative of 7*a**3/3 + 4*a**2 + a + 5612. Determine s(1).
16
Suppose 4*r = 27*r - 46. Let h(x) = -x - 19 - r + 11. Determine h(-20).
10
Let d(v) = -3*v + 3. Let z(h) = h - 16. Let q be z(20). Let a(n) = n + 7 - q - 5*n. Let g(s) = 5*a(s) - 6*d(s). Calculate g(3).
-9
Let g = 397 - 361. Let a(k) = -2 - 21*k + g*k + k**2 - 18*k. Calculate a(-2).
8
Let t(y) be the first derivative of -2*y**3 - 1/4*y**4 - 1/2*y**2 - 8*y + 22. Calculate t(-6).
-2
Let t(u) = -17*u**3 + u. Let f(g) = 9*g - 211. Let m be f(24). Suppose -4*z = -m*j + 13, -5*j = -8*z + 5*z - 11. Calculate t(j).
-16
Let o be (-285)/(-60) + (-1)/(-4). Let y(b) = o - 1 - 4*b + 0*b + 3*b. Give y(0).
4
Let t = 24 - 22. Let z(w) = -55*w**2 - 54*w**2 + 5*w + 110*w**2 + w + t. Give z(-6).
2
Let u = 347 + -334. Let k(c) = u*c**2 + c**3 + 3*c + 3254 - 3248 - 3*c. Calculate k(-13).
6
Let d(w) = -1026 + 2035 - 1024 - 3*w**2 + 14*w. Let x be d(3). Let y(c) = -c**3 - c**2 + c + 1. Calculate y(x).
1
Suppose 3*w + 7 = 6*w - 2*b, 5*w - 2*b = 5. Let i(q) = -3*q**2 - 2*q - 4. What is i(w)?
-5
Suppose 0 = -5*m - 21 + 31. Let w(o) = 50 + m*o + 45 - 141 + 47. Suppose -5*z + 10 = -5*t, z = 2*t + 3*z + 12. What is w(t)?
-7
Let r(c) = 21*c + c**2 - 12103 + 0*c + 12*c + 12368. Calculate r(-15).
-5
Let b(s) = -2*s**3 + 38*s**2 + 41*s - 3. Let x be b(21). Let y = -895 - x. Let z(d) = -d - 9. Give z(y).
-20
Let r(g) = g**3 - 5*g**2 + 4*g. Suppose -31*f + 32*f = -5. Let i(o) = -o - 4. Let w be i(f). Let d be (-2)/1 + 1 - (-5)/w. Give r(d).
0
Let v(n) = n - 18. Let u be v(8). Let a = u + 3. Let i(w) = 13*w + 8. Let x(l) = -10*l - 8. Let y(k) = 3*i(k) + 4*x(k). Determine y(a).
-1
Let f be (-6 + 16)*2/(-5). Let p(w) be the third derivative of w**6/120 + w**5/12 + 5*w**4/24 + 3*w**3/2 + 36*w**2 - 21*w. Calculate p(f).
5
Let j(w) = -17*w + 1. Let q(u) = 6*u**3 + 23*u**2 + 6*u + 31. Let l be q(-4). Let x(i) be the first derivative of -i**2/2 - 8*i - 1. Let y be x(l). Give j(y).
-16
Suppose 2*l - 2 = -2*y, 2042*y - 5 = 2047*y. Let i(q) = 4*q + 16. Determine i(l).
24
Suppose 16*w + 166 - 38 = 0. Let z(u) = 3*u - 1. Let g(a) = 12*a + 14. Let q(m) = g(m) - 3*z(m). Determine q(w).
-7
Let r(v) = v**2 + v + 8. Suppose 0 = d - 4*d + k + 17, 2*d - 10 = 2*k. Let f be 24/(-18)*9/d. Let x be 14/14*(2 + f). What is r(x)?
8
Let h = 128 - 123. Let x(u) = 0*u - h*u - u**3 + 7*u**2 + 1 - 6. Let d(f) = 2*f**3 - f**2 - 3*f - 1. Let v be d(2). Calculate x(v).
20
Let g = -2 + 3. Let x(a) be the second derivative of -7/12*a**4 + 3 - 1/2*a**2 - 20*a + 0*a**3. Calculate x(g).
-8
Let c(h) be the first derivative of 3*h**2/2 - 5*h + 2. Suppose 35 = 3*a + 2*v - 63, -a - v = -33. Suppose -4*g + w + 19 = -0*g, 2*g - a = -4*w. Determine c(g).
13
Suppose 3*z - 126 = 3*r + 30, -5*z + 3*r = -254. Suppose g - 3 = 0, 35*n + z = 31*n - g. Let m(u) = u**3 + 14*u**2 + 13*u - 8. Calculate m(n).
-8
Let s(z) = z**2 - 7*z - 5. Let u be s(9). Let x(d) = -3*d**3 + 2*d**3 + 20*d**2 - u*d**2 - 10 + 10*d. Suppose 80*p = 93*p - 104. Determine x(p).
6
Let r(f) = 72*f - 182*f - 21 - f**2 + 129*f. What is r(18)?
-3
Let c(z) be the second derivative of -2/3*z**3 + 55*z + 3*z**2 + 0. Give c(-8).
38
Let j(i) = 7*i**3 + i**2 + i - 3. Let g(y) = 16*y**3 + 2*y**2 + y - 8. Let p(r) = -3*g(r) + 7*j(r). Determine p(0).
3
Suppose 2 = 64*v - 63*v. Let c(q) = -q**v + 6 - 2 - 8 - 2*q - 3*q + q. Give c(-5).
-9
Let w(s) = -6*s**2 - 122*s - 121. Let v be (1 - 0 - -1)/(8*3/(-12)). What is w(v)?
-5
Let q(n) = -5*n**2 - 2. Let b(k) = -6*k**2 - k - 2. Let s(r) = 6*b(r) - 7*q(r). Let m(t) = -t**3 - 25*t**2 + 11*t - 7. Let o be m(0). Give s(o).
-5
Suppose w = 4*i + 24, -68*i = -72*i - 2*w - 48. Let y(u) = -u**3 - 8*u**2 - 2*u - 10. Give y(i).
6
Let t(y) be the second derivative of y**7/840 - 7*y**6/360 - y**5/40 - 5*y**4/24 + 40*y**3 - 176*y. Let x(o) be the second derivative of t(o). Give x(8).
35
Let u(i) = -37*i + 411. Let d(o) = -716*o - 5717. Let t be d(-8). Determine u(t).
4
Let s = -97 - -98. Let z be (1/((-4)/20))/s. Let v(h) = 5*h + 3*h - 1 + 5 - 4*h + h**2. Calculate v(z).
9
Let b(v) = 13*v. Let j = 113 + -97. Suppose a + 2 = 4*r - j, 3*a - 31 = -5*r. Suppose 0 = -m - 5*x + x - 21, r*m - 5*x - 20 = 0. Give b(m).
-13
Let a(g) = -3*g**2 - 62 + 14*g + 2*g**2 + 79. Let l be a(15). Let w(f) = -6*f + l*f + 4*f**2 - 5*f**2 - 1. Calculate w(-5).
-6
Let q(z) be the third derivative of 0 + 0*z**3 - 3/4*z**4 - 47*z**2 + 0*z. Calculate q(-1).
18
Suppose 0 = f - 3*x - 53, -f - 4*x + 26 + 6 = 0. Let n(q) = 15*q + 14*q - 7 + 13*q - f*q. Give n(-6).
5
Suppose -4*f + 4*r + 120 = 0, -f - 5*r - 5*r - 36 = 0. Let p(c) = c**2 - 20*c + 7. Give p(f).
103
Let n(k) = 11*k**2 - 6*k + 13. Let l(b) = 13*b**2 - 5*b + 15. Let y(f) = -4*l(f) + 5*n(f). Determine y(6).
53
Let r(j) = 13*j + 50 + 8 - 62. Give r(2).
22
Suppose -8 = -2*b - 2*b. Suppose -3*h + 43 = -5*c + 186, -2*h = -3*c + 86. Let x(k) = 16*k + 1 + b - c*k + 13*k. Calculate x(0).
3
Let p(r) = -27 + 13 + 3*r + 24 + 13. Give p(-8).
-1
Let x(p) = -6*p - 15. Let n be x(-3). Let q(i) = i - 7*i + 3*i + 3*i**3 - n*i + 4*i + 1. What is q(2)?
21
Suppose 61*o - 294 = 33*o - 14*o. Let n(p) = -13*p - 1. What is n(o)?
-92
Let t(a) = 2*a**2 - 22*a - 7. Suppose -7*w + 209 = 17*w - 5*w. Give t(w).
-7
Suppose 410 = 17*p - 372. Let q(r) = 138*r - 29*r - 48*r - p*r. Calculate q(1).
15
Suppose 15 = 5*n, 4*r - 2*n = 2*r - 2. Let v(x) = x**3 - 2*x**2 + 12 + 7*x**2 + x - 9*x**r - 6. Determine v(5).
36
Suppose -4*i + 5*i - 4*c - 1 = 0, -5*i + 5 = -5*c. Let z(t) = 31*t - 87*t + 30*t - i + 28*t. Calculate z(-13).
-27
Let i(x) be the third derivative of -23*x**2 - 1/10*x**5 + 1/3*x**3 - 1/12*x**4 + 0 + 0*x. Calculate i(2).
-26
Let y(u) = u**3 + 17*u**2 + 12*u + 15. Suppose 4*j = 5*r + 44, 3*r + 75 = 2844*j - 2847*j. Give y(r).
79
Let d(t) be the first derivative of t**5/120 - t**4/4 - t**3/3 - 4. Let u(x) be the third derivative of d(x). Let h be -1*4*18/(-12). Calculate u(h).
0
Let u(l) be the third derivative of -l**6/120 - l**5/30 - l**4/12 - l**3/3 + 4337*l**2. Calculate u(-2).
2